{"id":22,"date":"2025-03-14T09:12:20","date_gmt":"2025-03-14T08:12:20","guid":{"rendered":"http:\/\/ateliersdusi.cz\/?page_id=22"},"modified":"2025-05-02T11:18:45","modified_gmt":"2025-05-02T09:18:45","slug":"obchod","status":"publish","type":"page","link":"https:\/\/ateliersdusi.cz\/de\/obchod\/","title":{"rendered":"Gesch\u00e4ft"},"content":{"rendered":"<p>[et_pb_section fb_built=&#8220;1&#8243; admin_label=&#8220;section&#8220; _builder_version=&#8220;4.27.4&#8243; custom_margin=&#8220;0px||||false|false&#8220; custom_padding=&#8220;0px||||false|false&#8220; global_colors_info=&#8220;{}&#8220;][et_pb_row _builder_version=&#8220;4.27.4&#8243; _module_preset=&#8220;default&#8220; width=&#8220;75%&#8220; max_width=&#8220;75%&#8220; global_colors_info=&#8220;{}&#8220;][et_pb_column type=&#8220;4_4&#8243; _builder_version=&#8220;4.20.0&#8243; _module_preset=&#8220;default&#8220; custom_padding_tablet=&#8220;||30px||false|false&#8220; custom_padding_phone=&#8220;||30px||false|false&#8220; custom_padding_last_edited=&#8220;on|tablet&#8220; global_colors_info=&#8220;{}&#8220;][et_pb_text _builder_version=&#8220;4.27.4&#8243; _module_preset=&#8220;_initial&#8220; text_orientation=&#8220;center&#8220; module_alignment=&#8220;center&#8220; custom_margin=&#8220;||35px||false|false&#8220; header_font_size_tablet=&#8220;&#8220; header_font_size_phone=&#8220;30px&#8220; header_font_size_last_edited=&#8220;on|phone&#8220; header_4_font_size_tablet=&#8220;16px&#8220; header_4_font_size_phone=&#8220;15px&#8220; header_4_font_size_last_edited=&#8220;on|desktop&#8220; global_colors_info=&#8220;{}&#8220;]<\/p>\n<h1>Obchod<\/h1>\n<p>[\/et_pb_text][et_pb_text _builder_version=&#8220;4.27.4&#8243; _module_preset=&#8220;_initial&#8220; text_line_height=&#8220;1.8em&#8220; text_orientation=&#8220;center&#8220; text_font_size_tablet=&#8220;15px&#8220; text_font_size_phone=&#8220;14px&#8220; text_font_size_last_edited=&#8220;on|desktop&#8220; global_colors_info=&#8220;{}&#8220;]<\/p>\n<p><strong>Kr\u00e1sa do ko\u0161\u00edku<\/strong><\/p>\n<p>Nechte se vt\u00e1hnout do krajin, kter\u00fdmi jsem tis\u00edckr\u00e1t pro\u0161la nohama i \u0161t\u011btcem. Do p\u0159\u00edb\u011bh\u016f m\u00fdch postav. Do kouzeln\u00e9ho sv\u011bta, kter\u00fd v\u00e1s pohlt\u00ed svou atmosf\u00e9rou. A ten m\u016f\u017eete m\u00edt i doma.<\/p>\n<p>Koupit si kr\u00e1su je tak\u00e9 investice. Do um\u011bn\u00ed, n\u011bhy, pocitu domova.<\/p>\n<p>[\/et_pb_text][et_pb_text _builder_version=&#8220;4.27.4&#8243; _module_preset=&#8220;_initial&#8220; text_line_height=&#8220;1.8em&#8220; text_orientation=&#8220;center&#8220; text_font_size_tablet=&#8220;15px&#8220; text_font_size_phone=&#8220;14px&#8220; text_font_size_last_edited=&#8220;on|desktop&#8220; global_colors_info=&#8220;{}&#8220;]<\/p>\n<p><strong>E-SHOP se zat\u00edm chyst\u00e1.<\/strong><\/p>\n<p>[\/et_pb_text][\/et_pb_column][\/et_pb_row][et_pb_row use_custom_gutter=&#8220;on&#8220; gutter_width=&#8220;2&#8243; admin_label=&#8220;row&#8220; _builder_version=&#8220;4.27.4&#8243; background_size=&#8220;initial&#8220; background_position=&#8220;top_left&#8220; background_repeat=&#8220;repeat&#8220; width=&#8220;75%&#8220; max_width=&#8220;75%&#8220; custom_padding=&#8220;||0px||false|false&#8220; global_colors_info=&#8220;{}&#8220;][et_pb_column type=&#8220;4_4&#8243; _builder_version=&#8220;4.16&#8243; custom_padding=&#8220;|||&#8220; global_colors_info=&#8220;{}&#8220; custom_padding__hover=&#8220;|||&#8220;][et_pb_gallery gallery_ids=&#8220;1444,1445,1446,1447,1448,1449,1450,1451,1452,1453&#8243; posts_number=&#8220;10&#8243; orientation=&#8220;portrait&#8220; show_title_and_caption=&#8220;off&#8220; _builder_version=&#8220;4.27.4&#8243; _module_preset=&#8220;default&#8220; global_colors_info=&#8220;{}&#8220;][\/et_pb_gallery][\/et_pb_column][\/et_pb_row][\/et_pb_section][et_pb_section fb_built=&#8220;1&#8243; admin_label=&#8220;Services&#8220; _builder_version=&#8220;4.27.4&#8243; _module_preset=&#8220;default&#8220; custom_margin=&#8220;0px||||false|false&#8220; custom_padding=&#8220;0px||19px||false|false&#8220; collapsed=&#8220;on&#8220; global_colors_info=&#8220;{}&#8220;][et_pb_row _builder_version=&#8220;4.27.4&#8243; _module_preset=&#8220;default&#8220; width=&#8220;75%&#8220; width_tablet=&#8220;75%&#8220; width_phone=&#8220;75%&#8220; width_last_edited=&#8220;on|phone&#8220; max_width=&#8220;75%&#8220; max_width_tablet=&#8220;75%&#8220; max_width_phone=&#8220;75%&#8220; max_width_last_edited=&#8220;on|phone&#8220; module_alignment=&#8220;center&#8220; custom_margin=&#8220;||31px|||&#8220; global_colors_info=&#8220;{}&#8220; text_font_size_tablet=&#8220;15px&#8220; text_font_size_phone=&#8220;14px&#8220; text_font_size_last_edited=&#8220;on|desktop&#8220;][et_pb_column type=&#8220;4_4&#8243; _builder_version=&#8220;4.27.4&#8243; _module_preset=&#8220;default&#8220; global_colors_info=&#8220;{}&#8220;][et_pb_text _builder_version=&#8220;4.27.4&#8243; _module_preset=&#8220;_initial&#8220; text_line_height=&#8220;1.8em&#8220; text_orientation=&#8220;center&#8220; width=&#8220;75%&#8220; max_width=&#8220;75%&#8220; module_alignment=&#8220;center&#8220; custom_margin=&#8220;||0px|||&#8220; hover_enabled=&#8220;0&#8243; text_font_size_tablet=&#8220;15px&#8220; text_font_size_phone=&#8220;14px&#8220; text_font_size_last_edited=&#8220;on|desktop&#8220; global_colors_info=&#8220;{}&#8220; sticky_enabled=&#8220;0&#8243;]<\/p>\n<p>V\u00edte, po \u010dem tou\u017e\u00ed va\u0161e du\u0161e, a nena\u0161li jste to tady? Ozv\u011bte se mi, namaluju v\u00e1m obraz na zak\u00e1zku.<\/p>\n<p>[\/et_pb_text][\/et_pb_column][\/et_pb_row][\/et_pb_section]<\/p>\n","protected":false},"excerpt":{"rendered":"<p>ObchodKr\u00e1sa do ko\u0161\u00edku Nechte se vt\u00e1hnout do krajin, kter\u00fdmi jsem tis\u00edckr\u00e1t pro\u0161la nohama i \u0161t\u011btcem. Do p\u0159\u00edb\u011bh\u016f m\u00fdch postav. Do kouzeln\u00e9ho sv\u011bta, kter\u00fd v\u00e1s pohlt\u00ed svou atmosf\u00e9rou. A ten m\u016f\u017eete m\u00edt i doma. Koupit si kr\u00e1su je tak\u00e9 investice. Do um\u011bn\u00ed, n\u011bhy, pocitu domova.E-SHOP se zat\u00edm chyst\u00e1.V\u00edte, po \u010dem tou\u017e\u00ed va\u0161e du\u0161e, a nena\u0161li jste [&hellip;]<\/p>\n","protected":false},"author":1,"featured_media":0,"parent":0,"menu_order":0,"comment_status":"closed","ping_status":"closed","template":"","meta":{"_et_pb_use_builder":"on","_et_pb_old_content":"","_et_gb_content_width":"","footnotes":""},"class_list":["post-22","page","type-page","status-publish","hentry"],"yoast_head":"<!-- This site is optimized with the Yoast SEO plugin v27.1.1 - https:\/\/yoast.com\/product\/yoast-seo-wordpress\/ -->\n<title>Obchod - Ateli\u00e9r s du\u0161\u00ed<\/title>\n<meta name=\"robots\" content=\"index, follow, max-snippet:-1, max-image-preview:large, max-video-preview:-1\" \/>\n<link rel=\"canonical\" href=\"https:\/\/ateliersdusi.cz\/de\/obchod\/\" \/>\n<meta property=\"og:locale\" content=\"de_DE\" \/>\n<meta property=\"og:type\" content=\"article\" \/>\n<meta property=\"og:title\" content=\"Obchod - Ateli\u00e9r s du\u0161\u00ed\" \/>\n<meta property=\"og:description\" content=\"ObchodKr\u00e1sa do ko\u0161\u00edku Nechte se vt\u00e1hnout do krajin, kter\u00fdmi jsem tis\u00edckr\u00e1t pro\u0161la nohama i \u0161t\u011btcem. Do p\u0159\u00edb\u011bh\u016f m\u00fdch postav. Do kouzeln\u00e9ho sv\u011bta, kter\u00fd v\u00e1s pohlt\u00ed svou atmosf\u00e9rou. A ten m\u016f\u017eete m\u00edt i doma. Koupit si kr\u00e1su je tak\u00e9 investice. Do um\u011bn\u00ed, n\u011bhy, pocitu domova.E-SHOP se zat\u00edm chyst\u00e1.V\u00edte, po \u010dem tou\u017e\u00ed va\u0161e du\u0161e, a nena\u0161li jste [&hellip;]\" \/>\n<meta property=\"og:url\" content=\"https:\/\/ateliersdusi.cz\/de\/obchod\/\" \/>\n<meta property=\"og:site_name\" content=\"Ateli\u00e9r s du\u0161\u00ed\" \/>\n<meta property=\"article:modified_time\" content=\"2025-05-02T09:18:45+00:00\" \/>\n<meta name=\"twitter:card\" content=\"summary_large_image\" \/>\n<meta name=\"twitter:label1\" content=\"Gesch\u00e4tzte Lesezeit\" \/>\n\t<meta name=\"twitter:data1\" content=\"2\u00a0Minuten\" \/>\n<script type=\"application\/ld+json\" class=\"yoast-schema-graph\">{\"@context\":\"https:\/\/schema.org\",\"@graph\":[{\"@type\":\"WebPage\",\"@id\":\"https:\/\/ateliersdusi.cz\/obchod\/\",\"url\":\"https:\/\/ateliersdusi.cz\/obchod\/\",\"name\":\"Obchod - Ateli\u00e9r s du\u0161\u00ed\",\"isPartOf\":{\"@id\":\"https:\/\/ateliersdusi.cz\/#website\"},\"datePublished\":\"2025-03-14T08:12:20+00:00\",\"dateModified\":\"2025-05-02T09:18:45+00:00\",\"breadcrumb\":{\"@id\":\"https:\/\/ateliersdusi.cz\/obchod\/#breadcrumb\"},\"inLanguage\":\"de\",\"potentialAction\":[{\"@type\":\"ReadAction\",\"target\":[\"https:\/\/ateliersdusi.cz\/obchod\/\"]}]},{\"@type\":\"BreadcrumbList\",\"@id\":\"https:\/\/ateliersdusi.cz\/obchod\/#breadcrumb\",\"itemListElement\":[{\"@type\":\"ListItem\",\"position\":1,\"name\":\"Dom\u016f\",\"item\":\"https:\/\/ateliersdusi.cz\/\"},{\"@type\":\"ListItem\",\"position\":2,\"name\":\"Obchod\"}]},{\"@type\":\"WebSite\",\"@id\":\"https:\/\/ateliersdusi.cz\/#website\",\"url\":\"https:\/\/ateliersdusi.cz\/\",\"name\":\"Ateli\u00e9r s du\u0161\u00ed\",\"description\":\"Jarka Pape\u017eov\u00e1 - mal\u00ed\u0159ka\",\"potentialAction\":[{\"@type\":\"SearchAction\",\"target\":{\"@type\":\"EntryPoint\",\"urlTemplate\":\"https:\/\/ateliersdusi.cz\/?s={search_term_string}\"},\"query-input\":{\"@type\":\"PropertyValueSpecification\",\"valueRequired\":true,\"valueName\":\"search_term_string\"}}],\"inLanguage\":\"de\"}]}<\/script>\n<!-- \/ Yoast SEO plugin. -->","yoast_head_json":{"title":"Obchod - Ateli\u00e9r s du\u0161\u00ed","robots":{"index":"index","follow":"follow","max-snippet":"max-snippet:-1","max-image-preview":"max-image-preview:large","max-video-preview":"max-video-preview:-1"},"canonical":"https:\/\/ateliersdusi.cz\/de\/obchod\/","og_locale":"de_DE","og_type":"article","og_title":"Obchod - Ateli\u00e9r s du\u0161\u00ed","og_description":"ObchodKr\u00e1sa do ko\u0161\u00edku Nechte se vt\u00e1hnout do krajin, kter\u00fdmi jsem tis\u00edckr\u00e1t pro\u0161la nohama i \u0161t\u011btcem. Do p\u0159\u00edb\u011bh\u016f m\u00fdch postav. Do kouzeln\u00e9ho sv\u011bta, kter\u00fd v\u00e1s pohlt\u00ed svou atmosf\u00e9rou. A ten m\u016f\u017eete m\u00edt i doma. Koupit si kr\u00e1su je tak\u00e9 investice. Do um\u011bn\u00ed, n\u011bhy, pocitu domova.E-SHOP se zat\u00edm chyst\u00e1.V\u00edte, po \u010dem tou\u017e\u00ed va\u0161e du\u0161e, a nena\u0161li jste [&hellip;]","og_url":"https:\/\/ateliersdusi.cz\/de\/obchod\/","og_site_name":"Ateli\u00e9r s du\u0161\u00ed","article_modified_time":"2025-05-02T09:18:45+00:00","twitter_card":"summary_large_image","twitter_misc":{"Gesch\u00e4tzte Lesezeit":"2\u00a0Minuten"},"schema":{"@context":"https:\/\/schema.org","@graph":[{"@type":"WebPage","@id":"https:\/\/ateliersdusi.cz\/obchod\/","url":"https:\/\/ateliersdusi.cz\/obchod\/","name":"Obchod - Ateli\u00e9r s du\u0161\u00ed","isPartOf":{"@id":"https:\/\/ateliersdusi.cz\/#website"},"datePublished":"2025-03-14T08:12:20+00:00","dateModified":"2025-05-02T09:18:45+00:00","breadcrumb":{"@id":"https:\/\/ateliersdusi.cz\/obchod\/#breadcrumb"},"inLanguage":"de","potentialAction":[{"@type":"ReadAction","target":["https:\/\/ateliersdusi.cz\/obchod\/"]}]},{"@type":"BreadcrumbList","@id":"https:\/\/ateliersdusi.cz\/obchod\/#breadcrumb","itemListElement":[{"@type":"ListItem","position":1,"name":"Dom\u016f","item":"https:\/\/ateliersdusi.cz\/"},{"@type":"ListItem","position":2,"name":"Obchod"}]},{"@type":"WebSite","@id":"https:\/\/ateliersdusi.cz\/#website","url":"https:\/\/ateliersdusi.cz\/","name":"Atelier mit Seele","description":"Jarka Pape\u017eov\u00e1 - mal\u00ed\u0159ka","potentialAction":[{"@type":"SearchAction","target":{"@type":"EntryPoint","urlTemplate":"https:\/\/ateliersdusi.cz\/?s={search_term_string}"},"query-input":{"@type":"PropertyValueSpecification","valueRequired":true,"valueName":"search_term_string"}}],"inLanguage":"de"}]}},"_links":{"self":[{"href":"https:\/\/ateliersdusi.cz\/de\/wp-json\/wp\/v2\/pages\/22","targetHints":{"allow":["GET"]}}],"collection":[{"href":"https:\/\/ateliersdusi.cz\/de\/wp-json\/wp\/v2\/pages"}],"about":[{"href":"https:\/\/ateliersdusi.cz\/de\/wp-json\/wp\/v2\/types\/page"}],"author":[{"embeddable":true,"href":"https:\/\/ateliersdusi.cz\/de\/wp-json\/wp\/v2\/users\/1"}],"replies":[{"embeddable":true,"href":"https:\/\/ateliersdusi.cz\/de\/wp-json\/wp\/v2\/comments?post=22"}],"version-history":[{"count":12,"href":"https:\/\/ateliersdusi.cz\/de\/wp-json\/wp\/v2\/pages\/22\/revisions"}],"predecessor-version":[{"id":1478,"href":"https:\/\/ateliersdusi.cz\/de\/wp-json\/wp\/v2\/pages\/22\/revisions\/1478"}],"wp:attachment":[{"href":"https:\/\/ateliersdusi.cz\/de\/wp-json\/wp\/v2\/media?parent=22"}],"curies":[{"name":"wp","href":"https:\/\/api.w.org\/{rel}","templated":true}]}}

Geschäft

<p>[et_pb_section fb_built=&#8220;1&#8243; admin_label=&#8220;section&#8220; _builder_version=&#8220;4.27.4&#8243; custom_margin=&#8220;0px||||false|false&#8220; custom_padding=&#8220;0px||||false|false&#8220; global_colors_info=&#8220;{}&#8220;][et_pb_row _builder_version=&#8220;4.27.4&#8243; _module_preset=&#8220;default&#8220; width=&#8220;75%&#8220; max_width=&#8220;75%&#8220; global_colors_info=&#8220;{}&#8220;][et_pb_column type=&#8220;4_4&#8243; _builder_version=&#8220;4.20.0&#8243; _module_preset=&#8220;default&#8220; custom_padding_tablet=&#8220;||30px||false|false&#8220; custom_padding_phone=&#8220;||30px||false|false&#8220; custom_padding_last_edited=&#8220;on|tablet&#8220; global_colors_info=&#8220;{}&#8220;][et_pb_text _builder_version=&#8220;4.27.4&#8243; _module_preset=&#8220;_initial&#8220; text_orientation=&#8220;center&#8220; module_alignment=&#8220;center&#8220; custom_margin=&#8220;||35px||false|false&#8220; header_font_size_tablet=&#8220;&#8220; header_font_size_phone=&#8220;30px&#8220; header_font_size_last_edited=&#8220;on|phone&#8220; header_4_font_size_tablet=&#8220;16px&#8220; header_4_font_size_phone=&#8220;15px&#8220; header_4_font_size_last_edited=&#8220;on|desktop&#8220; global_colors_info=&#8220;{}&#8220;]</p>
<h1>Obchod</h1>
<p>[/et_pb_text][et_pb_text _builder_version=&#8220;4.27.4&#8243; _module_preset=&#8220;_initial&#8220; text_line_height=&#8220;1.8em&#8220; text_orientation=&#8220;center&#8220; text_font_size_tablet=&#8220;15px&#8220; text_font_size_phone=&#8220;14px&#8220; text_font_size_last_edited=&#8220;on|desktop&#8220; global_colors_info=&#8220;{}&#8220;]</p>
<p><strong>Krása do košíku</strong></p>
<p>Nechte se vtáhnout do krajin, kterými jsem tisíckrát prošla nohama i štětcem. Do příběhů mých postav. Do kouzelného světa, který vás pohltí svou atmosférou. A ten můžete mít i doma.</p>
<p>Koupit si krásu je také investice. Do umění, něhy, pocitu domova.</p>
<p>[/et_pb_text][et_pb_text _builder_version=&#8220;4.27.4&#8243; _module_preset=&#8220;_initial&#8220; text_line_height=&#8220;1.8em&#8220; text_orientation=&#8220;center&#8220; text_font_size_tablet=&#8220;15px&#8220; text_font_size_phone=&#8220;14px&#8220; text_font_size_last_edited=&#8220;on|desktop&#8220; global_colors_info=&#8220;{}&#8220;]</p>
<p><strong>E-SHOP se zatím chystá.</strong></p>
<p>[/et_pb_text][/et_pb_column][/et_pb_row][et_pb_row use_custom_gutter=&#8220;on&#8220; gutter_width=&#8220;2&#8243; admin_label=&#8220;row&#8220; _builder_version=&#8220;4.27.4&#8243; background_size=&#8220;initial&#8220; background_position=&#8220;top_left&#8220; background_repeat=&#8220;repeat&#8220; width=&#8220;75%&#8220; max_width=&#8220;75%&#8220; custom_padding=&#8220;||0px||false|false&#8220; global_colors_info=&#8220;{}&#8220;][et_pb_column type=&#8220;4_4&#8243; _builder_version=&#8220;4.16&#8243; custom_padding=&#8220;|||&#8220; global_colors_info=&#8220;{}&#8220; custom_padding__hover=&#8220;|||&#8220;][et_pb_gallery gallery_ids=&#8220;1444,1445,1446,1447,1448,1449,1450,1451,1452,1453&#8243; posts_number=&#8220;10&#8243; orientation=&#8220;portrait&#8220; show_title_and_caption=&#8220;off&#8220; _builder_version=&#8220;4.27.4&#8243; _module_preset=&#8220;default&#8220; global_colors_info=&#8220;{}&#8220;][/et_pb_gallery][/et_pb_column][/et_pb_row][/et_pb_section][et_pb_section fb_built=&#8220;1&#8243; admin_label=&#8220;Services&#8220; _builder_version=&#8220;4.27.4&#8243; _module_preset=&#8220;default&#8220; custom_margin=&#8220;0px||||false|false&#8220; custom_padding=&#8220;0px||19px||false|false&#8220; collapsed=&#8220;on&#8220; global_colors_info=&#8220;{}&#8220;][et_pb_row _builder_version=&#8220;4.27.4&#8243; _module_preset=&#8220;default&#8220; width=&#8220;75%&#8220; width_tablet=&#8220;75%&#8220; width_phone=&#8220;75%&#8220; width_last_edited=&#8220;on|phone&#8220; max_width=&#8220;75%&#8220; max_width_tablet=&#8220;75%&#8220; max_width_phone=&#8220;75%&#8220; max_width_last_edited=&#8220;on|phone&#8220; module_alignment=&#8220;center&#8220; custom_margin=&#8220;||31px|||&#8220; global_colors_info=&#8220;{}&#8220; text_font_size_tablet=&#8220;15px&#8220; text_font_size_phone=&#8220;14px&#8220; text_font_size_last_edited=&#8220;on|desktop&#8220;][et_pb_column type=&#8220;4_4&#8243; _builder_version=&#8220;4.27.4&#8243; _module_preset=&#8220;default&#8220; global_colors_info=&#8220;{}&#8220;][et_pb_text _builder_version=&#8220;4.27.4&#8243; _module_preset=&#8220;_initial&#8220; text_line_height=&#8220;1.8em&#8220; text_orientation=&#8220;center&#8220; width=&#8220;75%&#8220; max_width=&#8220;75%&#8220; module_alignment=&#8220;center&#8220; custom_margin=&#8220;||0px|||&#8220; hover_enabled=&#8220;0&#8243; text_font_size_tablet=&#8220;15px&#8220; text_font_size_phone=&#8220;14px&#8220; text_font_size_last_edited=&#8220;on|desktop&#8220; global_colors_info=&#8220;{}&#8220; sticky_enabled=&#8220;0&#8243;]</p>
<p>Víte, po čem touží vaše duše, a nenašli jste to tady? Ozvěte se mi, namaluju vám obraz na zakázku.</p>
<p>[/et_pb_text][/et_pb_column][/et_pb_row][/et_pb_section]</p>

<p>ObchodKrása do košíku Nechte se vtáhnout do krajin, kterými jsem tisíckrát prošla nohama i štětcem. Do příběhů mých postav. Do kouzelného světa, který vás pohltí svou atmosférou. A ten můžete mít i doma. Koupit si krásu je také investice. Do umění, něhy, pocitu domova.E-SHOP se zatím chystá.Víte, po čem touží vaše duše, a nenašli jste [&hellip;]</p>

<!-- This site is optimized with the Yoast SEO plugin v27.1.1 - https://yoast.com/product/yoast-seo-wordpress/ -->
<title>Obchod - Ateliér s duší</title>
<meta name="robots" content="index, follow, max-snippet:-1, max-image-preview:large, max-video-preview:-1" />
<link rel="canonical" href="https://ateliersdusi.cz/de/obchod/" />
<meta property="og:locale" content="de_DE" />
<meta property="og:type" content="article" />
<meta property="og:title" content="Obchod - Ateliér s duší" />
<meta property="og:description" content="ObchodKrása do košíku Nechte se vtáhnout do krajin, kterými jsem tisíckrát prošla nohama i štětcem. Do příběhů mých postav. Do kouzelného světa, který vás pohltí svou atmosférou. A ten můžete mít i doma. Koupit si krásu je také investice. Do umění, něhy, pocitu domova.E-SHOP se zatím chystá.Víte, po čem touží vaše duše, a nenašli jste [&hellip;]" />
<meta property="og:url" content="https://ateliersdusi.cz/de/obchod/" />
<meta property="og:site_name" content="Ateliér s duší" />
<meta property="article:modified_time" content="2025-05-02T09:18:45+00:00" />
<meta name="twitter:card" content="summary_large_image" />
<meta name="twitter:label1" content="Geschätzte Lesezeit" />
	<meta name="twitter:data1" content="2 Minuten" />
<script type="application/ld+json" class="yoast-schema-graph">{"@context":"https://schema.org","@graph":[{"@type":"WebPage","@id":"https://ateliersdusi.cz/obchod/","url":"https://ateliersdusi.cz/obchod/","name":"Obchod - Ateliér s duší","isPartOf":{"@id":"https://ateliersdusi.cz/#website"},"datePublished":"2025-03-14T08:12:20+00:00","dateModified":"2025-05-02T09:18:45+00:00","breadcrumb":{"@id":"https://ateliersdusi.cz/obchod/#breadcrumb"},"inLanguage":"de","potentialAction":[{"@type":"ReadAction","target":["https://ateliersdusi.cz/obchod/"]}]},{"@type":"BreadcrumbList","@id":"https://ateliersdusi.cz/obchod/#breadcrumb","itemListElement":[{"@type":"ListItem","position":1,"name":"Domů","item":"https://ateliersdusi.cz/"},{"@type":"ListItem","position":2,"name":"Obchod"}]},{"@type":"WebSite","@id":"https://ateliersdusi.cz/#website","url":"https://ateliersdusi.cz/","name":"Ateliér s duší","description":"Jarka Papežová - malířka","potentialAction":[{"@type":"SearchAction","target":{"@type":"EntryPoint","urlTemplate":"https://ateliersdusi.cz/?s={search_term_string}"},"query-input":{"@type":"PropertyValueSpecification","valueRequired":true,"valueName":"search_term_string"}}],"inLanguage":"de"}]}</script>
<!-- / Yoast SEO plugin. -->

Obchod - Ateliér s duší

ObchodKrása do košíku Nechte se vtáhnout do krajin, kterými jsem tisíckrát prošla nohama i štětcem. Do příběhů mých postav. Do kouzelného světa, který vás pohltí svou atmosférou. A ten můžete mít i doma. Koupit si krásu je také investice. Do umění, něhy, pocitu domova.E-SHOP se zatím chystá.Víte, po čem touží vaše duše, a nenašli jste [&hellip;]

Ateliér s duší

Domů

Jarka Papežová - malířka
